mon factor of 2 and h?
2
Suppose 4*m = 27 + 81. Let t = -44 + m. Let v = t + 39. What is the greatest common factor of v and 198?
22
Suppose 2*k + 0 - 18 = 0. Let i be -6*(-30)/(-4)*-1. What is the highest common factor of k and i?
9
Let m be -2*(-1 - (-7)/(-2)). Suppose -5 = -2*x + 1. Suppose -x*s + 2*q + 69 = 0, -q - m = -s - 5*q. Calculate the greatest common factor of s and 3.
3
Suppose 2*a + 219 = -167. Let y be a/3 + (-2)/3. Let o = 110 + y. Calculate the highest common divisor of o and 18.
9
Let o(v) = v**2 + 7*v + 3. Let h be o(-9). Suppose 0 = -4*g - g - 50. Let m = h + g. Calculate the greatest common divisor of m and 11.
11
Let o = -46 + 82. What is the highest common divisor of o and 18?
18
Let i(q) = 3*q - 28. Let w be i(12). Calculate the highest common divisor of w and 4.
4
Suppose -31 = -5*j + 9. Suppose j*w - 4*w = -3*l + 286, -w - 4*l + 78 = 0. What is the highest common divisor of w and 10?
10
Let c be 24*2/(-3)*(-12)/16. What is the highest common divisor of c and 18?
6
Let j(n) = n**3 - 7*n**2 + 7*n - 7. Let z be j(7). Let h be (68 - 5)*2/6. Calculate the highest common factor of h and z.
21
Suppose -n + 24 = 5. Let t = 134 + -1. Suppose 4*k = 95 + t. What is the greatest common factor of n and k?
19
Let w = -3 - -5. Let k(x) = -x + 2. Let d be k(-6). Let r = d - w. What is the greatest common factor of 48 and r?
6
Let x be (-3)/(-6)*41*2. Let y = x + -29. What is the greatest common divisor of 3 and y?
3
Let r be 2/(2 + -1) + 27. Suppose 2*k = 89 - r. What is the greatest common divisor of k and 20?
10
Let p be (-2)/12 - 170/(-12). Calculate the greatest common divisor of 56 and p.
14
Let p(q) = 6*q - q**2 + 2*q**2 + 3 - 8. Let j be p(-9). Suppose 70 = 3*f + j. What is the greatest common divisor of 2 and f?
2
Suppose -2*l - 3*l + 4*g - 1425 = 0, 3*g + 882 = -3*l. Let y = -190 - l. Suppose -53 + 9 = -4*d. Calculate the greatest common divisor of y and d.
11
Let l be -5*(8/(-5))/2. Suppose -4*o + 28 = 4*d, 0*d = -2*d - l*o + 18. What is the highest common factor of d and 1?
1
Let h(c) = 6*c. Suppose -d + 2 + 2 = 0. Let x be h(d). Suppose a - 1 = 2. Calculate the greatest common factor of x and a.
3
Let x = 31 - 22. Calculate the highest common divisor of x and 3.
3
Suppose 0*x - x = -63. Let j(y) = y**3 + 13*y**2 + 9*y - 15. Let o be j(-12). What is the greatest common divisor of o and x?
21
Let w be ((-12)/6)/(1/(2 - 3)). What is the greatest common divisor of w and 54?
2
Suppose 0 = 3*g + 2*g - 15. Let y = g + 3. What is the greatest common factor of 42 and y?
6
Let g be (-3)/7 + 408/(-28). Let h be (102/g)/((-3)/30). Calculate the greatest common divisor of h and 17.
17
Suppose -55*j = -54*j - 14. Suppose 0 = -4*z - 20, -r + 1 = 2*z + 4. Calculate the greatest common factor of j and r.
7
Suppose 4*j = -5*n + 635 - 146, -n = 5*j - 627. Suppose 2*x - 3 - 1 = 0. Let a be x/(-14) - (-198)/14. What is the highest common factor of a and j?
14
Let m = 32 + -22. What is the highest common divisor of m and 5?
5
Let j(s) = s**3 - 8*s**2 + 3*s - 2. Let c be j(7). Let u = 50 + c. Calculate the greatest common divisor of 60 and u.
20
Suppose -5*t = 5 - 35. Suppose -p + 0 + t = 0. Calculate the greatest common divisor of 18 and p.
6
Suppose 29 = 4*r + 3*u, -10 - 23 = -4*r + u. Calculate the greatest common divisor of r and 3.
1
Let j = -1 + -1. Let v be (-20)/(-1*j/(-4)). Let i be (-1)/(1 + v/(-39)). What is the highest common divisor of i and 13?
13
Let y be 1/(-4) - (-585)/36. What is the greatest common factor of 4 and y?
4
Let q be (-5 - 2/(-2)) + 24. Calculate the highest common factor of 4 and q.
4
Let z(f) = 2*f**2 - f + 14. Let x be z(0). Calculate the greatest common factor of x and 7.
7
Suppose 0 = -n - 3*u + 14 + 11, 5*u = n + 15. Calculate the greatest common divisor of 30 and n.
10
Let r be (-3 - 0 - -461)/2. Let z = -86 + r. What is the highest common factor of 13 and z?
13
Let q = 28 + -13. Suppose -90 = -5*s - 5*k, 0 = -5*k + q + 10. What is the highest common divisor of 117 and s?
13
Let d(b) = 7*b**2 + 2*b - 1. Let n be d(1). Suppose 6*t - n = 5*t. Calculate the greatest common factor of 88 and t.
8
Let u be (2/(-3))/((-9)/702). Suppose -4*d + u = -0*d. Calculate the highest common factor of 117 and d.
13
Suppose -2*f + 54 = -o - 57, 2*o + 2 = 0. What is the highest common factor of 11 and f?
11
Let w(q) be the first derivative of q**3/3 - q - 3. Let h be (4 - 1)*(-8)/6. Let l be w(h). What is the highest common factor of l and 3?
3
Let g(s) = s**2 - 6*s + 5. Let p be g(7). Let i = 2 + p. Calculate the greatest common factor of i and 70.
14
Suppose 0 = 2*h + 11*h - 156. Let z = -127 - -247. Calculate the greatest common divisor of z and h.
12
Suppose 8*b - 4*b = 32. Let i(v) = 4*v - 1. Let d be i(-1). Let h = 3 - d. Calculate the highest common divisor of h and b.
8
Suppose -4*j + 5*s + 26 - 2 = 0, 0 = -j - s + 15. Calculate the highest common divisor of j and 11.
11
Let n(b) = -b**3 + 6*b**2 + 5*b + 5. Let c be 10*1/2*1. Let t be n(c). Let l = 32 + -10. Calculate the greatest common divisor of t and l.
11
Suppose 3*i + 8*i = 726. Calculate the greatest common divisor of i and 6.
6
Let s be 25/2*8/10. Let o be (-834)/(-4) - (-2)/(-4). Suppose 0 = -3*a - 5*j + 130, 5*a = -j - 3*j + o. What is the greatest common divisor of a and s?
10
Let u(l) = -3*l - 13. Let h be u(-7). Let z be -5 + h - (2 + -242). Let m(f) = 8*f + 3. Let y be m(3). What is the greatest common divisor of z and y?
27
Let i be (1 - (-1 - 2))/2. Let a be (-1)/(-1) - (-36)/i. Let v = 703 + -494. What is the highest common divisor of v and a?
19
Let m be (-3)/1*96/36. Let j = 16 + m. What is the highest common divisor of j and 16?
8
Let u be (2/(-6))/(2/(-6)). What is the greatest common divisor of 2 and u?
1
Suppose -5*v = -33 - 47. Let p = -44 + 220. Calculate the highest common factor of v and p.
16
Let j(m) = -28*m - 16. Let z be j(-7). What is the greatest common factor of z and 20?
20
Let s(p) = p + 55. Let i be s(20). What is the highest common factor of i and 25?
25
Let o be 3/((-55)/(-52) + -1). Suppose -2*k + 10 + 10 = 2*p, -4*k - 51 = -3*p. Calculate the highest common divisor of o and p.
13
Suppose 4*w - 334 = 2*t, 101 = w + 2*t + 15. What is the greatest common divisor of 12 and w?
12
Let n(o) = o**2 + 6*o + 6. Let q be n(-6). What is the highest common divisor of q and 66?
6
Suppose -3*r - o - 5 = -2*r, 24 = -4*r - 3*o. Let s(w) = -w**3 - 10*w**2 - 8*w + 10. Let m be s(r). Calculate the greatest common factor of m and 9.
1
Let k = -60 + 36. Let d = -14 - k. Suppose -3*v - 3*b + 45 = -2*v, -4*v = -b - 115. What is the greatest common divisor of d and v?
10
Let z be 4/14 - (-52)/14. Suppose 0 = 3*w + 8 - 17. Suppose -w*h = 5*l - 80, 2*h - z*h + 5*l + 45 = 0. Calculate the highest common factor of h and 5.
5
Let h(p) = 2*p**3 - 3*p**2 + 13*p - 11. Let y be h(2). Let g(s) = -s**3 + 7*s**2 + s - 1. Let c be g(3). What is the greatest common factor of y and c?
19
Let c(r) = -14*r. Let d be c(1). Let h = 140 + d. What is the highest common factor of h and 14?
14
Suppose -3*z + 2*y = y - 22, 25 = 5*y. Suppose 265 = a + 67. Suppose -2*t = -0*t - a. Calculate the greatest common divisor of t and z.
9
Suppose 0*g - 16 = -4*g. Let i be (-1 - g)*(-5 - -1). Calculate the greatest common factor of i and 8.
4
Let o(p) = p**2 - 8*p + 23. Let j be o(6). Calculate the greatest common divisor of j and 55.
11
Let u = 0 + 1. Let d be ((-2)/1 - -67)/u. What is the highest common divisor of 13 and d?
13
Suppose r + 402 = 2*r. Let b = 12 + -8. Suppose 174 = b*p - r. Calculate the greatest common factor of 18 and p.
18
Let b be (2/5*3)/((-18)/(-120)). Suppose -5*y - 305 = 50. Let f = 103 + y. Calculate the highest common divisor of f and b.
8
Let f = -36 + 41. What is the highest common divisor of f and 10?
5
Let w be (-400)/(-6)*6/5. Suppose a = 5*o + 49, 5*a - o + w = 325. Calculate the greatest common factor of 7 and a.
7
Suppose c = 2*c - 54. What is the greatest common divisor of 6 and c?
6
Let l be (88/14 - 6) + 943/7. Suppose -3*v = -m + 18, -2*m + 3*v = 2*v - 31. What is the highest common divisor of m and l?
15
Suppose 5*y = -4 + 39. What is the highest common divisor of 63 and y?
7
Let u = -72 + 76. Calculate the highest common factor of 36 and u.
4